{"id":119,"date":"2022-01-21T09:52:20","date_gmt":"2022-01-21T09:52:20","guid":{"rendered":"http:\/\/www.easy-gl.com\/?page_id=119"},"modified":"2024-12-05T15:01:46","modified_gmt":"2024-12-05T15:01:46","slug":"hakkimizda","status":"publish","type":"page","link":"http:\/\/www.easy-gl.com\/index.php\/hakkimizda\/","title":{"rendered":"HAKKIMIZDA \/ ABOUT US"},"content":{"rendered":"\n<p class=\"has-vivid-green-cyan-color has-text-color\"><strong>Hakk\u0131m\u0131zda | About Us<\/strong><\/p>\n\n\n\n<p>2022 y\u0131l\u0131 Ocak ay\u0131nda kurulmu\u015f \u015firketimiz, uzun y\u0131llar edindi\u011fimiz tecr\u00fcbelerimizi kendi acenta ve tedarik\u00e7i a\u011f\u0131m\u0131z ile m\u00fc\u015fterilerimize ula\u015ft\u0131rmay\u0131 hedeflemektedir. Yurti\u00e7i ve yurtd\u0131\u015f\u0131nda Hava, Kara, Deniz ve Demiryolu ta\u015f\u0131mac\u0131l\u0131\u011f\u0131, Depo ve Depolama Lojistik \u00c7\u00f6z\u00fcmleri, 3PL Hizmetler, Tedarik Zinciri Hizmet ve Projeleri ile D\u0131\u015f Ticaret Dan\u0131\u015fmanl\u0131\u011f\u0131, Pazar Ara\u015ft\u0131rmalar\u0131, \u00dcr\u00fcn Ara\u015ft\u0131rma ve Geli\u015ftirme gibi Lojistik ve D\u0131\u015f Ticaret \u2018in her alan\u0131nda hizmet vermekte olup, ek olarak m\u00fc\u015fteri ihtiyac\u0131na g\u00f6re Paketleme, So\u011fuk Zincir, Tehlikeli Madde Ta\u015f\u0131mac\u0131l\u0131\u011f\u0131, Taze\/Kuru Sebze Meyve Ta\u015f\u0131mac\u0131l\u0131\u011f\u0131, Canl\u0131 Hayvan Ta\u015f\u0131mac\u0131l\u0131\u011f\u0131, Cenaze Ta\u015f\u0131mac\u0131l\u0131\u011f\u0131, &nbsp;\u0130ntermodel Ta\u015f\u0131malar gibi t\u00fcm kabiliyetlere sahiptir\u2026<\/p>\n\n\n\n<p>***<\/p>\n\n\n\n<p>Easy Global Logistics and Foreign Trade was founded in January 2022. We target and focus to forward our best experiences to customers with our own agents and vendors network. Locally or globally, we are serving for Logistics and Foreign Trade on Airfreight, Seafreight, Overland, Railfreight, Warehouse and Warehousing Logistics Solutions, 3PL Services, Supply Chain Services and Projects, on the other side, Foreign Trade Consultancy, Market Research, Product Research and Developing and in addition, we are also able to handle Packaging, Cold Chain, Dangerous Goods Transportation, Fresh\/Dried Vegetables and Fruit Transportation, Live Animal Transportation, Funeral Transportation, Intermodel Transports\u2026<\/p>\n\n\n\n<p class=\"has-vivid-green-cyan-color has-text-color\"><strong>Misyon \/ Mision<\/strong><\/p>\n\n\n\n<p>Uzun y\u0131llar boyunca bir \u00e7ok global firmada edindi\u011fimiz tecr\u00fcbelerin en iyilerini alarak ve k\u00f6t\u00fclerinden \u00e7\u0131kard\u0131\u011f\u0131m\u0131z dersler ile m\u00fc\u015fterilerimize kusursuz bir deneyim ya\u015fatmak, \u00e7\u00f6z\u00fcm odakl\u0131 ve profesyonel samimiyetimiz ile ve onlara kendilerini rahat ve g\u00fcvende hissettirecek yakla\u015f\u0131m\u0131m\u0131z ile lojistik ve d\u0131\u015f ticareti onlar i\u00e7in bir k\u00fclfet olmaktan \u00e7\u0131kar\u0131p, onlar ad\u0131na karl\u0131 bir kazan\u00e7 yolu yaratmak amac\u0131 ile kurulmu\u015f, profesyonel tecr\u00fcbeler ile gen\u00e7li\u011fin dinamizmini birle\u015ftirmeyi hedefleyen global lojistik ve d\u0131\u015f ticaret kurulu\u015fu olmak.<\/p>\n\n\n\n<p>***<\/p>\n\n\n\n<p>After a long time in many global logistics players, we focus to be a Logistics and Foreign Trade company; who is putting best experiences to their pocket and taking lessons from all bad experiences to advise a perfect service for their customers, being a problem solver with their professional intimacy to make customers feel comfortable and safe; as an approach&nbsp; to make logistics and foreign trade not a burden but a profitable business with our Professional experiences and youth-dynamism.<\/p>\n\n\n\n<p class=\"has-vivid-green-cyan-color has-text-color\"><strong>Vizyon \/ Vision<\/strong><\/p>\n\n\n\n<p>Lojisti\u011fin en KOLAY yolu<\/p>\n\n\n\n<p>The \u2018EASY\u2019 way of logistics<\/p>\n\n\n\n<div class=\"wp-block-columns is-layout-flex wp-container-core-columns-is-layout-9d6595d7 wp-block-columns-is-layout-flex\">\n<div class=\"wp-block-column is-layout-flow wp-block-column-is-layout-flow\">\n<figure class=\"wp-block-image size-full\"><img loading=\"lazy\" decoding=\"async\" width=\"574\" height=\"90\" src=\"http:\/\/www.easy-gl.com\/wp-content\/uploads\/2021\/12\/cropped-Ekran-Alintisi-6-1.jpg\" alt=\"\" class=\"wp-image-830\" srcset=\"http:\/\/www.easy-gl.com\/wp-content\/uploads\/2021\/12\/cropped-Ekran-Alintisi-6-1.jpg 574w, http:\/\/www.easy-gl.com\/wp-content\/uploads\/2021\/12\/cropped-Ekran-Alintisi-6-1-300x47.jpg 300w\" sizes=\"auto, (max-width: 574px) 100vw, 574px\" \/><\/figure>\n<\/div>\n\n\n\n<div class=\"wp-block-column is-layout-flow wp-block-column-is-layout-flow\"><\/div>\n<\/div>\n","protected":false},"excerpt":{"rendered":"<p>Hakk\u0131m\u0131zda | About Us 2022 y\u0131l\u0131 Ocak ay\u0131nda kurulmu\u015f \u015firketimiz, uzun y\u0131llar edindi\u011fimiz tecr\u00fcbelerimizi kendi acenta ve tedarik\u00e7i a\u011f\u0131m\u0131z ile m\u00fc\u015fterilerimize ula\u015ft\u0131rmay\u0131 hedeflemektedir. Yurti\u00e7i ve yurtd\u0131\u015f\u0131nda Hava, Kara, Deniz ve Demiryolu ta\u015f\u0131mac\u0131l\u0131\u011f\u0131, Depo ve Depolama Lojistik \u00c7\u00f6z\u00fcmleri, 3PL Hizmetler, Tedarik<\/p>\n","protected":false},"author":1,"featured_media":0,"parent":0,"menu_order":0,"comment_status":"closed","ping_status":"closed","template":"","meta":{"footnotes":""},"class_list":["post-119","page","type-page","status-publish","hentry"],"_links":{"self":[{"href":"http:\/\/www.easy-gl.com\/index.php\/wp-json\/wp\/v2\/pages\/119","targetHints":{"allow":["GET"]}}],"collection":[{"href":"http:\/\/www.easy-gl.com\/index.php\/wp-json\/wp\/v2\/pages"}],"about":[{"href":"http:\/\/www.easy-gl.com\/index.php\/wp-json\/wp\/v2\/types\/page"}],"author":[{"embeddable":true,"href":"http:\/\/www.easy-gl.com\/index.php\/wp-json\/wp\/v2\/users\/1"}],"replies":[{"embeddable":true,"href":"http:\/\/www.easy-gl.com\/index.php\/wp-json\/wp\/v2\/comments?post=119"}],"version-history":[{"count":9,"href":"http:\/\/www.easy-gl.com\/index.php\/wp-json\/wp\/v2\/pages\/119\/revisions"}],"predecessor-version":[{"id":1048,"href":"http:\/\/www.easy-gl.com\/index.php\/wp-json\/wp\/v2\/pages\/119\/revisions\/1048"}],"wp:attachment":[{"href":"http:\/\/www.easy-gl.com\/index.php\/wp-json\/wp\/v2\/media?parent=119"}],"curies":[{"name":"wp","href":"https:\/\/api.w.org\/{rel}","templated":true}]}}